{"id":3694,"date":"2025-01-05T16:03:12","date_gmt":"2025-01-05T16:03:12","guid":{"rendered":"https:\/\/determined-kepler.212-227-55-109.plesk.page\/?page_id=3694"},"modified":"2025-01-09T14:36:36","modified_gmt":"2025-01-09T14:36:36","slug":"onlineshop","status":"publish","type":"page","link":"https:\/\/determined-kepler.212-227-55-109.plesk.page\/?page_id=3694","title":{"rendered":"Onlineshop"},"content":{"rendered":"<div data-colibri-id=\"3694-c1\" class=\"style-1038 style-local-3694-c1 position-relative\">\n  <!---->\n  <div data-colibri-component=\"section\" data-colibri-id=\"3694-c9\" id=\"about-2\" class=\"h-section h-section-global-spacing d-flex align-items-lg-center align-items-md-center align-items-center style-1046 style-local-3694-c9 position-relative\">\n    <!---->\n    <!---->\n    <div class=\"h-section-grid-container h-section-boxed-container\">\n      <!---->\n      <div data-colibri-id=\"3694-c10\" class=\"h-row-container gutters-row-lg-0 gutters-row-md-0 gutters-row-0 gutters-row-v-lg-0 gutters-row-v-md-0 gutters-row-v-0 style-1047 style-local-3694-c10 position-relative\">\n        <!---->\n        <div class=\"h-row justify-content-lg-center justify-content-md-center justify-content-center align-items-lg-stretch align-items-md-stretch align-items-stretch gutters-col-lg-0 gutters-col-md-0 gutters-col-0 gutters-col-v-lg-0 gutters-col-v-md-0 gutters-col-v-0\">\n          <!---->\n          <div class=\"h-column h-column-container d-flex h-col-lg-auto h-col-md-auto h-col-auto style-1048-outer style-local-3694-c11-outer\">\n            <div data-colibri-id=\"3694-c11\" class=\"d-flex h-flex-basis h-column__inner h-px-lg-0 h-px-md-0 h-px-0 v-inner-lg-0 v-inner-md-0 v-inner-0 style-1048 style-local-3694-c11 position-relative\">\n              <!---->\n              <!---->\n              <div class=\"w-100 h-y-container h-column__content h-column__v-align flex-basis-100 align-self-lg-start align-self-md-start align-self-start\">\n                <!---->\n                <div data-colibri-id=\"3694-c12\" class=\"h-global-transition-all h-heading style-1049 style-local-3694-c12 position-relative h-element\">\n                  <!---->\n                  <div class=\"h-heading__outer style-1049 style-local-3694-c12\">\n                    <!---->\n                    <!---->\n                    <h5 class=\"\">About us<\/h5>\n                  <\/div>\n                <\/div>\n                <div data-colibri-id=\"3694-c13\" class=\"h-global-transition-all h-heading style-1050 style-local-3694-c13 position-relative h-element\">\n                  <!---->\n                  <div class=\"h-heading__outer style-1050 style-local-3694-c13\">\n                    <!---->\n                    <!---->\n                    <h2 class=\"\">Ab dem 01.07.2022 werden wir von Patrick Teamwear ausgestattet. <\/h2>\n                  <\/div>\n                <\/div>\n                <div data-colibri-id=\"3694-c14\" class=\"h-text h-text-component style-1051 style-local-3694-c14 position-relative h-element\">\n                  <!---->\n                  <!---->\n                  <div class=\"\">\n                    <p>F\u00fcr Bestellungen k\u00f6nnt ihr entweder unseren Onlineshop nutzen oder einen Artikel aus dem Katalog aussuchen, um anschlie\u00dfend per Email zu bestellen.<\/p>\n                    <p>\u00dcber den Onlineshop erhaltet ihr mit dem Rabattcode \u201eHafen\u201c einen Nachlass von 35 %. Ab einem Warenkorb von 75 EUR ist der Versand kostenfrei.<\/p>\n                    <h5>\n                      <a href=\"https:\/\/www.brandsfit.com\/fvhafendresden\/de-eu\/catalog?club-collection=true\" target=\"_blank\" class=\"customize-unpreviewable\" style=\"color: rgb(255, 255, 255);\" draggable=\"false\"><em>Zum Onlineshop <\/em><\/a>\n                      <br>\n                    <\/h5>\n                  <\/div>\n                <\/div>\n              <\/div>\n            <\/div>\n          <\/div>\n          <div class=\"h-column h-column-container d-flex h-col-lg-auto h-col-md-auto h-col-auto style-1052-outer style-local-3694-c15-outer\">\n            <div data-colibri-id=\"3694-c15\" class=\"d-flex h-flex-basis h-column__inner h-px-lg-0 h-px-md-0 h-px-0 v-inner-lg-0 v-inner-md-0 v-inner-0 style-1052 style-local-3694-c15 position-relative\">\n              <!---->\n              <!---->\n              <div class=\"w-100 h-y-container h-column__content h-column__v-align flex-basis-100 align-self-lg-center align-self-md-center align-self-start\">\n                <!---->\n                <div data-colibri-id=\"3694-c18\" class=\"d-block style-1055 style-local-3694-c18 position-relative h-element\">\n                  <!---->\n                  <div class=\"h-image__frame-container-outer\">\n                    <div class=\"h-image__frame-container\">\n                      <!---->\n                      <!---->\n                      <img loading=\"lazy\" decoding=\"async\" width=\"901\" height=\"637\" src=\"https:\/\/determined-kepler.212-227-55-109.plesk.page\/wp-content\/uploads\/2025\/01\/Screenshot-2022-07-28-203416.png\" class=\"wp-image-4182 style-1055-image style-local-3694-c18-image\" alt=\"\" srcset=\"https:\/\/determined-kepler.212-227-55-109.plesk.page\/wp-content\/uploads\/2025\/01\/Screenshot-2022-07-28-203416.png 901w, https:\/\/determined-kepler.212-227-55-109.plesk.page\/wp-content\/uploads\/2025\/01\/Screenshot-2022-07-28-203416-300x212.png 300w, https:\/\/determined-kepler.212-227-55-109.plesk.page\/wp-content\/uploads\/2025\/01\/Screenshot-2022-07-28-203416-768x543.png 768w\" sizes=\"auto, (max-width: 901px) 100vw, 901px\" \/>\n                      <div class=\"h-image__frame h-hide-lg h-hide-md h-hide-sm style-1055-frameImage style-local-3694-c18-frameImage\"><\/div>\n                    <\/div>\n                  <\/div>\n                <\/div>\n              <\/div>\n            <\/div>\n          <\/div>\n        <\/div>\n      <\/div>\n    <\/div>\n  <\/div>\n<\/div>","protected":false},"excerpt":{"rendered":"<p>About us Ab dem 01.07.2022 werden wir von Patrick Teamwear ausgestattet. F\u00fcr Bestellungen k\u00f6nnt ihr entweder unseren Onlineshop nutzen oder einen Artikel aus dem Katalog aussuchen, um anschlie\u00dfend per Email zu bestellen. \u00dcber den Onlineshop erhaltet ihr mit dem Rabattcode \u201eHafen\u201c einen Nachlass von 35 %. Ab einem Warenkorb von 75 EUR ist der Versand [&hellip;]<\/p>\n","protected":false},"author":1,"featured_media":0,"parent":0,"menu_order":0,"comment_status":"closed","ping_status":"closed","template":"page-templates\/full-width-page.php","meta":{"footnotes":""},"class_list":["post-3694","page","type-page","status-publish","hentry"],"jetpack_sharing_enabled":true,"_links":{"self":[{"href":"https:\/\/determined-kepler.212-227-55-109.plesk.page\/index.php?rest_route=\/wp\/v2\/pages\/3694","targetHints":{"allow":["GET"]}}],"collection":[{"href":"https:\/\/determined-kepler.212-227-55-109.plesk.page\/index.php?rest_route=\/wp\/v2\/pages"}],"about":[{"href":"https:\/\/determined-kepler.212-227-55-109.plesk.page\/index.php?rest_route=\/wp\/v2\/types\/page"}],"author":[{"embeddable":true,"href":"https:\/\/determined-kepler.212-227-55-109.plesk.page\/index.php?rest_route=\/wp\/v2\/users\/1"}],"replies":[{"embeddable":true,"href":"https:\/\/determined-kepler.212-227-55-109.plesk.page\/index.php?rest_route=%2Fwp%2Fv2%2Fcomments&post=3694"}],"version-history":[{"count":3,"href":"https:\/\/determined-kepler.212-227-55-109.plesk.page\/index.php?rest_route=\/wp\/v2\/pages\/3694\/revisions"}],"predecessor-version":[{"id":4193,"href":"https:\/\/determined-kepler.212-227-55-109.plesk.page\/index.php?rest_route=\/wp\/v2\/pages\/3694\/revisions\/4193"}],"wp:attachment":[{"href":"https:\/\/determined-kepler.212-227-55-109.plesk.page\/index.php?rest_route=%2Fwp%2Fv2%2Fmedia&parent=3694"}],"curies":[{"name":"wp","href":"https:\/\/api.w.org\/{rel}","templated":true}]}}